 1/30*c**5. What is s(-3)?
0
Let m(z) = -7*z - 1. Let y(x) = -13*x - 2. Let s(q) = -11*m(q) + 6*y(q). Give s(6).
-7
Let s = 1 - 6. Let z(i) = -i**2 + 8*i - 9. Let r be z(6). Let c(o) = -11*o**2 + 5*o**2 - o**3 + 0*o**r - 4*o - 1. Give c(s).
-6
Let d(k) = k - 1. Let s be d(7). Let r(o) = -o**3 + o**2 - 4*o + 1. Let a(h) = -h**2 - h. Let f(c) = -5*a(c) + r(c). Calculate f(s).
7
Let d(g) = 3*g + 1. Let w(q) = -3*q - 1. Let p(k) = -4*d(k) - 5*w(k). Let j(u) = u + 2. Let c be j(-6). Let b be ((-6)/c)/((-1)/2). Calculate p(b).
-8
Let c(a) = a**3 - 6*a**2 + 6*a - 7. Let y be (2 + 1)*(-4)/(-6). Suppose y*n - 6*n = -36. Let t = -4 + n. What is c(t)?
-2
Let i = -20 + 22. Let v(u) = -3*u - u**i + 2*u**2 + 2*u. Calculate v(3).
6
Let s(p) = 12*p**3 + 2*p**2 + 2*p + 1. Suppose 4*x = -5*n + 27, 0 = 2*x - n - n. Let r be 6 - x - 2 - 2. Give s(r).
-11
Let z(p) = p**3 + p + 1. Let u(j) = j**3 + j + 1. Let l(f) = 4*u(f) - 3*z(f). What is l(0)?
1
Let x(s) = -s**2 + s + 2. Let j(h) = -h**2 + h + 1. Let w(q) = 4*q**2 - 4*q - 6. Let d(o) = 2*j(o) + w(o). Let n(t) = -6*d(t) - 13*x(t). What is n(3)?
4
Let y(u) = 0 - 1 + 5*u**3 + 0*u + u. Let t be (-2)/4*(-1)/((-3)/(-6)). Give y(t).
5
Let l(g) = -2*g - 9. Suppose 4*w + 26 = -5*h, -2 - 29 = 3*w - 2*h. Let f = -5 - w. Suppose 28 = -f*y + 4. Calculate l(y).
3
Suppose 0 = 3*b - b + 10. Let o(f) be the second derivative of -f**5/20 - f**4/2 - f**3 + 7*f**2/2 - f. Determine o(b).
12
Let s(h) be the first derivative of h**5/120 + h**4/8 - 7*h**3/3 + 8. Let c(l) be the third derivative of s(l). Calculate c(-4).
-1
Let d be 4/18 + (-80)/(-45) - 6. Let p(f) = -f**3 - 2*f**2 + 6*f + 6. Determine p(d).
14
Let u(o) = -3*o**3 + 17*o**2 + 5*o - 19. Let q(v) = -2*v**3 + 9*v**2 + 3*v - 10. Let x(l) = 5*q(l) - 3*u(l). Calculate x(-6).
7
Let t(h) = -h**3 + 9*h - 3*h**2 + 0*h**3 - 10*h + 2. Calculate t(-3).
5
Suppose -7 - 9 = -a. Suppose 0 = -v + 3*v - 4*d + a, v = -5*d + 13. Let y(n) = 2*n + 5. Let g(x) = 9*x + 26. Let u(l) = 2*g(l) - 11*y(l). Calculate u(v).
5
Let p = 23 - 21. Suppose -4*g = -p + 6. Let a(r) = r**2 - r - 1. Give a(g).
1
Let l(x) = x**2 - 1. Let d(f) = 2*f + 23. Let a be d(-10). What is l(a)?
8
Let g(b) = -b**3 + 7*b**2 + 7*b - 8. Let r(l) = -l**3 + 6*l**2 + 6*l - 7. Let a(c) = -6*g(c) + 7*r(c). Calculate a(-1).
0
Let x(g) = 4*g**3 - g**2 + 1. Suppose 40 = -5*h + 35. What is x(h)?
-4
Let d(i) = -i**2 + i + 3. Suppose 4*b - 3 = 9. Calculate d(b).
-3
Suppose -2*x - 5 = -5*v + 21, v + 2*x = -2. Suppose -4 = a - 3*a. Let j(w) = 3 + 2*w + 0*w - 5*w + a*w. Determine j(v).
-1
Let y(g) = -g**3 - 6*g**2 - 4*g - 5. Suppose 11 = 2*m - 5. Suppose -15 = 4*l + 5*r, 5*l - 3*r = 4*l - m. What is y(l)?
-10
Let w(f) = f + 6 - 5 + 3*f**2 - 3*f - 3. Let u be (-4)/14 - 48/(-21). Calculate w(u).
6
Let p(a) be the third derivative of -a**6/120 + a**5/10 - a**4/24 - a**3/6 + 5*a**2. Determine p(6).
-7
Let d be 0/(3 - 5 - -4). Let y(g) = 3 + d*g + 3*g - 4*g - 8. Suppose 0 = 4*z + 8, 18 = -4*o + o - 3*z. Determine y(o).
-1
Let z = -12 + 9. Suppose -b + 3 + 1 = 0. Let p(i) = -i**2 + b*i**2 - 4 - 2*i**2. What is p(z)?
5
Let f = -18 + 15. Let r be 9 - f*(0 - 1). Let a(p) = -p + 8. What is a(r)?
2
Let w(l) be the first derivative of 3*l**4/4 + l**3/3 + l**2 + 14. Calculate w(-2).
-24
Let j(u) = u**2 + u. Suppose -3*b + b - 10 = 4*v, 3*b + 15 = -5*v. Suppose 5*y + 0 - 10 = v. Suppose 2*t - 4 = 3*z, 3*z - 5*t = -4*t - y. What is j(z)?
0
Suppose 0 = -7*f - 2*f - 72. Let h(k) = -23*k - 11. Let l(d) = 9*d + 7 + 8*d - 2*d. Let u(s) = f*l(s) - 5*h(s). What is u(1)?
-6
Let z(u) = -u**3 - 3*u**2 + 2*u - 4. Let m be (-14)/(-21) - 1/(-3). Let n be 2*(0 - m/(-2)). Let k be n - (-2 - (2 + -9)). Calculate z(k).
4
Let f(o) = -6*o - 10. Let b(t) = -t - 1. Let i(a) = -5*b(a) + f(a). Let q be (-3)/(6/4) + 2. Give i(q).
-5
Let v(i) = i**2 - i - 6. Let j be v(3). Suppose j = -2*f + 2*q + 4, 4*f - 4 = 3*q + 4. Let a(r) = -2 - 3*r + 3 + r**3 + 0*r**2 + r**2. What is a(f)?
7
Let l = -11 - -13. Let z(d) = 4 - d**3 - 12*d**3 + 14*d**3 - 5*d**l + 2*d. Give z(4).
-4
Let x(y) = y**2 + 7*y + 1. Suppose 4*m - 32 = 2*i - 0*i, -2*m + 4 = i. Determine x(i).
-5
Let c(m) = 6*m**2 + 4*m + 3. Let u(v) = 4*v**2 + 3*v + 2. Let b(l) = -5*c(l) + 8*u(l). Suppose 0 = 4*x - x - 2*d + 19, -3*x + 5*d = 34. Give b(x).
7
Let r(y) be the second derivative of y**5/20 + y**4/2 + 5*y**3/6 + y**2 - 11*y. Calculate r(-5).
2
Suppose -a - 3 = -3*x, -2*x + 7 = 3*a - 2*a. Let p(n) = 4*n + 0*n**2 - 6 + n**x + 2*n + n. Determine p(-7).
-6
Suppose 2*n = -n. Let b be -2 - (1 + 4) - n. Let k(m) = -m**3 - 6*m**2 + 7*m - 2. Let o be k(b). Let f(t) = t**3 + 3*t**2 + t. Calculate f(o).
2
Let y(i) = -2*i - 5. Let a = -18 + 13. Let b(g) = 4*g + 11. Let l(p) = a*y(p) - 2*b(p). Let f(o) = -5*o + 1. Let j be f(1). Calculate l(j).
-5
Let p be (63/(-15) + 3)/(10/(-25)). Let l(d) = 4*d - 3. Determine l(p).
9
Let c(f) be the third derivative of -f**4/12 - f**3 + 4*f**2. Let h(n) = n. Let v(b) = c(b) + 6*h(b). Calculate v(4).
10
Let k(m) = -2*m**2 - 2 - m**3 + 3*m + m**2 - m**2. Let h(s) = s**3 + 2*s**2 - 5*s - 2. Let n be h(-3). Suppose 0*g - 3 = g + n*z, 0 = -5*z. Determine k(g).
-2
Let q(h) = -h**2 - 8*h + 6. Let f(r) = -r**2 - 7*r + 5. Let i(d) = 3*f(d) - 2*q(d). Determine i(-6).
-3
Suppose 11*m - 4 = 13*m. Let n(r) = -2*r**2 - 3*r - 2. Determine n(m).
-4
Suppose 2*t + 3*b = 4*t - 21, t + 5*b = 4. Let q(f) = -f**3 + 9*f**2 - f + 12. Let m be q(t). Let a(n) = -n + n + 3*n**m + n. Calculate a(1).
4
Suppose 5 = -0*q + q - 2*a, 5*q - 2*a = 9. Let x = q + -4. Let n(r) = 3*r + r + r**2 + 3 + 2*r. Give n(x).
-6
Let t(u) = -2*u**2 - 3*u - 3. Let k = 85 - 87. Calculate t(k).
-5
Let a(r) = 3*r**2 - r. Let m be a(1). Let s be (-2)/(-6) + 1/(-3). Let x(i) = 3 + i**3 - 3*i**2 + 2*i - 2 - i**2 + s*i**m. What is x(4)?
9
Let u = 21 - 8. Let m(n) = u*n + 2 - 6*n - 5*n. Give m(-3).
-4
Let v(y) be the second derivative of y**5/20 + y**4/2 + 4*y**3/3 + 5*y**2/2 - 4*y. Let m(g) = -g + 2. Let r be m(7). Determine v(r).
-10
Let s = 9 + -9. Suppose s = -8*k + 7*k - 4. Let p(m) = m**2 + 4*m - 3. Determine p(k).
-3
Let l = -5 - -4. Let k(x) = 11*x**3 - 7*x**2 - 5*x - 4. Let y(n) = 10*n**3 - 6*n**2 - 4*n - 3. Let u(r) = -4*k(r) + 5*y(r). Give u(l).
-7
Let l be (2/(-6))/(6/(-90)). Let v(g) = -2 + g**2 + 6 - 3 + 5*g + l. What is v(-4)?
2
Let v(a) = -a**3 + 2*a**2 + 3*a - 2. Let h be v(2). Let s(m) = m**3 - 3*m**2 - m - 4. Calculate s(h).
8
Let n(q) = 2 - 4*q + 7*q - 2*q - 5*q. Give n(2).
-6
Suppose 2*t = -5 + 3. Let d(v) = -6*v**2 - v + v**2 + 2*v**2 - 1. Give d(t).
-3
Let a be (-2)/(-9) + (-4)/18. Let l = a - -3. Let u(r) = r**3 - 2*r**2 - r - 2. Give u(l).
4
Let x(h) = h + 2*h + 4*h - 5*h. Let d(u) = u - 2. Let r be d(1). Let v be 6 + -6 - (-1 + r). Give x(v).
4
Let h(b) = -b**3 - 4*b**2 - b - 4. Let a(k) = k**3 - 9*k**2 + 11*k - 28. Let t be a(8). Give h(t).
0
Let v be 2/(-4) + 21/(-6). Let k(b) be the second derivative of -b**3/2 - b**2 + 7*b. Give k(v).
10
Let x(c) = c**2 + 2*c - 1. Let g(j) = -j**2 - 8*j - 15. Let v be g(-6). Determine x(v).
2
Let h(n) = -n**2 + 9*n - 12. Let i(a) = 3*a**2 + 2*a - 2. Let j be i(-2). Let l be h(j). Let y(x) = 2*x - 8. Calculate y(l).
4
Let d(l) = 0*l + 6*l**2 + 1 + 2*l - 6*l**2 + 3*l**3. Let k(t) = -t - 3. Suppose -4*r + 5 - 13 = 0. Let z be k(r). Give d(z).
-4
Let i(w) = -2*w + 3. Let j(m) = 2*m - 1. Let z(q) = -2*i(q) - 5*j(q). Suppose 2*k - 4 = -0. Determine z(k).
-13
Let u(p) be the first derivative of p**4/24 + p**3/6 + p**2/2 - 9. Let i(c) be the second derivative of u(c). What is i(-6)?
-5
Let q(a) be the third derivative of -a**7/840 + a**6/120 + a**5/24 - a**4/6 - 3*a**3/2 + 3*a**2. Let x(p) be the first derivative of q(p). Determine x(4).
0
Let q(b) = b**3 + 6*b**2 + 4. Let h be q(-6). Suppose -5*i + 4*m = -25, -5*i - h*m = -3*i + 18. Let f(z) = -i + 0 - 3*z**3 + 4*z**2 + 2*z**3. Determine f(4).
-1
Let x(k) = 14*k - 2 + 14*k**2 + 17 + 0*k**2 + k**3. Let a be x(-13). Let v(b) = 4*b. Determine v(a).
8
Let t(q) = 4*q - 26. Let j be t(5). Let h(f) = f**2 + 6*f - 3. What is h(j)?
-3
Let u(v) be the second derivative of 0 + 1/3*v**3 + 2*v + 0*v**2 + 1/360*v**6 + 1/40*v**5 - 1/24*v**4. Let y(m) be the second derivative of u(m). Give y(-4).
3
Let s(g) = 4*g**2 + g**3 + 4*g**2 + 3 - 12*g**2 + 1. Let f be 2